 remainder when 4019463 is divided by 1701?
0
What is the remainder when 287020267 is divided by 86?
83
What is the remainder when 136236 is divided by 389?
86
What is the remainder when 373208 is divided by 4724?
12
Calculate the remainder when 18400668 is divided by 3160.
3148
What is the remainder when 797008 is divided by 446?
6
What is the remainder when 13474683 is divided by 6737332?
19
What is the remainder when 3321875 is divided by 676?
11
What is the remainder when 3691578 is divided by 117?
111
What is the remainder when 16490399 is divided by 662?
641
Calculate the remainder when 43028081 is divided by 36.
17
Calculate the remainder when 50680 is divided by 257.
51
Calculate the remainder when 362575 is divided by 687.
526
What is the remainder when 8004859 is divided by 404?
3
Calculate the remainder when 6596760 is divided by 17.
12
Calculate the remainder when 2822596270 is divided by 2224.
2222
What is the remainder when 5194981 is divided by 528?
517
What is the remainder when 391155241 is divided by 5377?
5376
What is the remainder when 4834195 is divided by 36347?
44
What is the remainder when 9583294 is divided by 17714?
20
What is the remainder when 30036 is divided by 4673?
1998
Calculate the remainder when 66733040 is divided by 31.
22
Calculate the remainder when 1566222 is divided by 2576.
14
What is the remainder when 4003036 is divided by 58?
50
Calculate the remainder when 7713269 is divided by 282.
5
Calculate the remainder when 3418888 is divided by 23417.
6
Calculate the remainder when 89044417 is divided by 3202.
3201
What is the remainder when 856165 is divided by 1228?
249
What is the remainder when 430554 is divided by 143?
124
What is the remainder when 611324 is divided by 50833?
1328
Calculate the remainder when 2453298 is divided by 163552.
18
What is the remainder when 2494305 is divided by 51?
48
What is the remainder when 605309098 is divided by 23?
20
What is the remainder when 11318081 is divided by 14971?
5
Calculate the remainder when 1010192 is divided by 144313.
1
Calculate the remainder when 3428102 is divided by 293.
2
Calculate the remainder when 45681717 is divided by 3199.
3196
What is the remainder when 6108111 is divided by 50480?
31
Calculate the remainder when 332449522 is divided by 9.
7
Calculate the remainder when 70341 is divided by 1665.
411
What is the remainder when 1157860 is divided by 993?
22
Calculate the remainder when 4302863 is divided by 55.
48
What is the remainder when 67716 is divided by 67398?
318
What is the remainder when 444098 is divided by 220502?
3094
What is the remainder when 741753 is divided by 204?
9
What is the remainder when 2028153 is divided by 239?
238
Calculate the remainder when 9141273 is divided by 13.
11
Calculate the remainder when 553956263 is divided by 1307.
1304
Calculate the remainder when 69305 is divided by 1015.
285
What is the remainder when 224142 is divided by 44369?
2297
Calculate the remainder when 982862 is divided by 115.
72
Calculate the remainder when 9655395 is divided by 113.
110
What is the remainder when 1644057 is divided by 282?
279
Calculate the remainder when 3135350 is divided by 3135318.
32
Calculate the remainder when 931055 is divided by 3959.
690
What is the remainder when 27624492 is divided by 22?
16
Calculate the remainder when 934021 is divided by 186778.
131
Calculate the remainder when 1844453 is divided by 230550.
53
What is the remainder when 45216860 is divided by 6459551?
3
What is the remainder when 253687 is divided by 36036?
1435
What is the remainder when 7374263 is divided by 13335?
8
What is the remainder when 12344844 is divided by 1322?
8
What is the remainder when 1833839 is divided by 171?
35
Calculate the remainder when 562309 is divided by 111278.
5919
What is the remainder when 19076932 is divided by 75702?
28
What is the remainder when 3600894 is divided by 195?
24
What is the remainder when 5471931 is divided by 5365?
4996
Calculate the remainder when 8860484 is divided by 94.
44
What is the remainder when 19245704 is divided by 6102?
6098
What is the remainder when 68225721 is divided by 12?
9
Calculate the remainder when 404998 is divided by 14453.
314
What is the remainder when 562342 is divided by 47?
34
Calculate the remainder when 20437 is divided by 6002.
2431
What is the remainder when 334851776 is divided by 261?
260
Calculate the remainder when 3537688 is divided by 353762.
68
What is the remainder when 14753854 is divided by 832?
830
Calculate the remainder when 919525 is divided by 639.
4
What is the remainder when 260878589 is divided by 3395?
3394
Calculate the remainder when 1980649 is divided by 35964.
2629
What is the remainder when 3371 is divided by 81?
50
Calculate the remainder when 370093 is divided by 263.
52
Calculate the remainder when 19908609 is divided by 1094.
1091
Calculate the remainder when 629072 is divided by 56.
24
Calculate the remainder when 316068 is divided by 79011.
24
Calculate the remainder when 6680317 is divided by 148451.
22
Calculate the remainder when 51786 is divided by 203.
21
What is the remainder when 483201 is divided by 160071?
2988
Calculate the remainder when 1443420 is divided by 40.
20
Calculate the remainder when 866039 is divided by 39.
5
What is the remainder when 32537840 is divided by 1383?
1382
Calculate the remainder when 17344574 is divided by 46.
44
What is the remainder when 35093944 is divided by 386?
368
What is the remainder when 1120439 is divided by 1120426?
13
What is the remainder when 719779 is divided by 719595?
184
Calculate the remainder when 67693 is divided by 129.
97
Calculate the remainder when 5009036 is divided by 20.
16
Calculate the remainder when 50633 is divided by 12655.
13
What is the remainder when 32495823 is divided by 759?
756
Calculate the remainder when 20506 is divided by 328.
170
Calculate the remainder when 20541 is divided by 6535.
936
What is the remainder when 103950 is divided by 579?
309
Calculate the remainder when 16457972 is divided by 25.
22
What is the remainder when 4832864 is divided by 88?
80
What is the remainder when 3814703 is divided by 647?
638
Calculate the remainder when 313423 is divided by 827.
817
What is the remainder when 122764 is divided by 40867?
163
What is the remainder when 80524235 is divided by 31?
30
What is the remainder when 382126147 is divided by 35?
32
Calculate the remainder when 132624 is divided by 200.
24
Calculate the remainder when 203834 is divided by 227.
215
What is the remainder when 397001 is divided by 79385?
76
Calculate the remainder when 6999154 is divided by 458.
456
What is the remainder when 59826 is divided by 122?
46
What is the remainder when 72079 is divided by 22929?
3292
What is the remainder when 24689661 is divided by 2256?
2253
Calculate the remainder when 351436 is divided by 5667.
82
Calculate the remainder when 30696348 is divided by 475.
423
What is the remainder when 99134 is divided by 6752?
4606
Calculate the remainder when 922122 is divided by 131711.
145
Calculate the remainder when 5845089 is divided by 88.
41
Calculate the remainder when 15578899 is divided by 33.
28
Calculate the remainder when 625913 is divided by 104089.
1379
Calculate the remainder when 163053 is divided by 32315.
1478
What is the remainder when 87759 is divided by 42046?
3667
What is the remainder when 22642 is divided by 2256?
82
What is the remainder when 544466 is divided by 416?
338
What is the remainder when 7018956 is divided by 9803?
8
Calculate the remainder when 5414 is divided by 2556.
302
What is the remainder when 831402 is divided by 415637?
128
What is the remainder when 23855754 is divided by 106?
30
What is the remainder when 375831 is divided by 405?
396
Calculate the remainder when 319252 is divided by 5140.
572
What is the remainder when 1900587 is divided by 118785?
27
What is the remainder when 960454 is divided by 14340?
14014
What is the remainder when 21589 is divided by 56?
29
What is the remainder when 3390 is divided by 315?
240
Calculate the remainder when 480137 is divided by 571.
497
What is the remainder when 2362839 is divided by 19?
18
What is the remainder when 10089775 is divided by 292?
7
Calculate the remai